e highest common factor of 31980 and 20055.
15
Calculate the greatest common divisor of 845 and 4572230.
65
What is the highest common divisor of 37919979 and 4148?
1037
What is the greatest common divisor of 87503611 and 52?
13
Calculate the highest common factor of 4216 and 525295.
31
Calculate the greatest common divisor of 76153 and 26789.
301
Calculate the greatest common divisor of 11833152 and 300.
12
Calculate the greatest common divisor of 225325507 and 14223.
4741
Calculate the greatest common factor of 45134664 and 80088.
1128
What is the highest common factor of 14953049 and 21137?
919
What is the greatest common factor of 265754 and 5073?
89
What is the greatest common factor of 1355273 and 74?
37
What is the highest common factor of 25605 and 1416465?
45
Calculate the greatest common factor of 4408270 and 17170.
170
Calculate the greatest common factor of 211 and 44866618.
211
What is the greatest common factor of 39198785 and 23?
23
Calculate the greatest common divisor of 4871472 and 3760.
16
Calculate the highest common divisor of 2532480 and 6480.
240
What is the greatest common divisor of 7852 and 57896722?
3926
What is the greatest common divisor of 589286 and 10669?
47
What is the highest common factor of 14208 and 8292?
12
What is the highest common divisor of 1290 and 17387910?
1290
What is the highest common factor of 175763632 and 7744?
1936
Calculate the greatest common divisor of 193925463 and 318.
159
Calculate the greatest common divisor of 28006 and 565972.
418
Calculate the greatest common divisor of 284615 and 795.
5
Calculate the highest common factor of 1111 and 962599.
11
Calculate the highest common divisor of 50235 and 281119.
197
Calculate the highest common divisor of 2504889 and 441.
9
What is the greatest common factor of 4888 and 58251518?
1222
Calculate the highest common factor of 63089338 and 17030.
3406
Calculate the highest common factor of 6426 and 89291412.
2142
Calculate the highest common factor of 5786 and 69389394.
526
What is the greatest common divisor of 62 and 6004049?
31
Calculate the highest common divisor of 768 and 3856560.
48
What is the highest common divisor of 297 and 61149?
33
Calculate the highest common divisor of 438 and 91846556.
146
What is the highest common divisor of 141984 and 632196?
612
What is the greatest common divisor of 214203119 and 9771?
3257
Calculate the greatest common factor of 247 and 10487867.
247
Calculate the highest common divisor of 153153 and 41559.
21
What is the greatest common factor of 1081170 and 429885?
1845
What is the greatest common divisor of 39288125 and 2500?
625
Calculate the highest common divisor of 13528 and 1311.
19
What is the greatest common factor of 23 and 27441829?
23
Calculate the highest common divisor of 10512 and 218416.
1168
Calculate the highest common factor of 1394262 and 3834.
18
Calculate the highest common factor of 250261 and 11649.
11
Calculate the highest common factor of 4306695 and 60.
15
What is the highest common factor of 697990 and 31220?
2230
What is the greatest common divisor of 7 and 20574715?
7
Calculate the greatest common factor of 4439183 and 2.
1
What is the greatest common factor of 55 and 403255?
5
Calculate the greatest common factor of 3773 and 1211672.
539
What is the highest common divisor of 223 and 192983531?
223
Calculate the greatest common divisor of 310093056 and 36.
36
What is the greatest common divisor of 1440808 and 40?
8
What is the highest common factor of 5348 and 2587816?
28
Calculate the greatest common divisor of 13653 and 17280.
9
Calculate the highest common factor of 52096 and 39776.
352
What is the greatest common divisor of 72 and 23903508?
12
Calculate the highest common divisor of 70 and 17485475.
35
Calculate the greatest common factor of 408665 and 666.
37
What is the highest common factor of 14849627 and 13?
13
What is the highest common factor of 35866281 and 627?
627
What is the greatest common factor of 278411 and 596099?
217
What is the highest common divisor of 27 and 553545?
9
What is the greatest common divisor of 241217460 and 10?
10
What is the greatest common factor of 384 and 47488128?
384
Calculate the greatest common divisor of 10041690 and 15610.
2230
What is the highest common factor of 6328608 and 2730?
78
What is the highest common divisor of 557792370 and 498?
498
What is the highest common divisor of 2821311 and 889380?
4941
What is the greatest common divisor of 4085487 and 1050?
21
What is the highest common factor of 23229 and 86391?
261
Calculate the highest common factor of 165266558 and 284.
142
Calculate the highest common factor of 2321834 and 3130.
626
What is the highest common divisor of 66 and 35205324?
66
What is the highest common factor of 14024 and 7456?
8
Calculate the greatest common divisor of 40696155 and 6190.
3095
Calculate the greatest common divisor of 100 and 412559450.
50
Calculate the highest common divisor of 188 and 93815572.
188
Calculate the highest common factor of 92 and 27517591.
23
Calculate the greatest common divisor of 211290322 and 3083.
3083
Calculate the greatest common factor of 5 and 118556395.
5
Calculate the highest common divisor of 175760 and 523120.
1040
What is the greatest common divisor of 94 and 90913?
1
What is the highest common divisor of 16307 and 69529?
23
Calculate the greatest common factor of 286 and 58458543.
143
What is the greatest common divisor of 58936 and 9733058?
278
Calculate the greatest common factor of 8052 and 232890009.
2013
What is the highest common factor of 247380 and 609420?
420
Calculate the highest common divisor of 2538 and 740394.
54
What is the greatest common factor of 844963000 and 50?
50
What is the highest common factor of 2474111376 and 144?
144
What is the highest common divisor of 118831050 and 915?
915
What is the highest common factor of 21504 and 97566?
42
What is the greatest common divisor of 240 and 11638065?
15
What is the greatest common divisor of 1725 and 886857?
69
What is the highest common divisor of 155 and 536641?
31
Calculate the greatest common divisor of 264 and 566940.
132
What is the greatest common factor of 2278 and 2436151?
17
What is the greatest common factor of 417969 and 12?
3
Calculate the greatest common divisor of 281077 and 155.
31
Calculate the highest common factor of 243065745 and 19305.
1755
What is the greatest common divisor of 26628625 and 125?
125
Calculate the greatest common factor of 12103 and 72721831.
637
What is the highest common factor of 257760352 and 2146?
2146
What is the highest common divisor of 13042287 and 938?
67
What is the highest common factor of 57376 and 94567?
11
What is the highest common divisor of 374 and 609097148?
374
What is the greatest common divisor of 423077 and 170839?
43
What is the highest common factor of 3364322 and 118484?
3118
What is the highest common factor of 1295 and 250861850?
185
Calculate the highest common factor of 62 and 22954694.
62
What is the greatest common factor of 103478 and 834086?
62
Calculate the highest common divisor of 13067 and 1613811.
73
What is the highest common divisor of 14394 and 219906734?
4798
Calculate the highest common factor of 218671 and 429590.
323
Calculate the highest common factor of 51940 and 1139740.
980
What is the greatest common factor of 6138363 and 462?
231
What is the highest common factor of 37184 and 88640?
64
What is the highest common factor of 228616046 and 3908?
1954
Calculate the greatest common factor of 11 and 7022620.
11
Calculate the greatest common factor of 24046 and 19217.
11
Calculate the greatest common factor of 6014 and 71226809.
3007
Calculate the greatest common divisor of 3278951 and 477.
53
What is the greatest common factor of 4331 and 1092193?
71
What is the greatest common factor of 291 and 1750525341?
291
What is the highest common factor of 874 and 57165034?
38
Calculate the greatest common divisor of 210393 and 637686.
2169
What is the greatest common divisor of 75 and 3614010?
15
Calculate the highest common divisor of 12306073 and 169.
169
Calculate the highest common factor of 27 and 795731121.
27
Calculate the highest common factor of 3082 and 44622.
134
What is the greatest common factor of 1690 a